[INFO] fetching crate credent_cli_model 0.4.1...
[INFO] checking credent_cli_model-0.4.1 against master#9610dfe5a9a731ced1ea4923ecbd0c57fe367898 for beta-170-4
[INFO] extracting crate credent_cli_model 0.4.1 into /workspace/builds/worker-6-tc1/source
[INFO] validating manifest of crates.io crate credent_cli_model 0.4.1 on toolchain 9610dfe5a9a731ced1ea4923ecbd0c57fe367898
[INFO] running `Command { std: CARGO_HOME="/workspace/cargo-home" RUSTUP_HOME="/workspace/rustup-home" "/workspace/cargo-home/bin/cargo" "+9610dfe5a9a731ced1ea4923ecbd0c57fe367898" "metadata" "--manifest-path" "Cargo.toml" "--no-deps", kill_on_drop: false }`
[INFO] started tweaking crates.io crate credent_cli_model 0.4.1
[INFO] finished tweaking crates.io crate credent_cli_model 0.4.1
[INFO] tweaked toml for crates.io crate credent_cli_model 0.4.1 written to /workspace/builds/worker-6-tc1/source/Cargo.toml
[INFO] running `Command { std: CARGO_HOME="/workspace/cargo-home" RUSTUP_HOME="/workspace/rustup-home" __CARGO_TEST_CHANNEL_OVERRIDE_DO_NOT_USE_THIS="nightly" "/workspace/cargo-home/bin/cargo" "+9610dfe5a9a731ced1ea4923ecbd0c57fe367898" "generate-lockfile" "--manifest-path" "Cargo.toml" "-Zno-index-update", kill_on_drop: false }`
[INFO] running `Command { std: CARGO_HOME="/workspace/cargo-home" RUSTUP_HOME="/workspace/rustup-home" "/workspace/cargo-home/bin/cargo" "+9610dfe5a9a731ced1ea4923ecbd0c57fe367898" "fetch" "--manifest-path" "Cargo.toml", kill_on_drop: false }`
[INFO] [stderr]  Downloading crates ...
[INFO] [stderr]   Downloaded signal-hook v0.3.15
[INFO] [stderr]   Downloaded smol v1.3.0
[INFO] [stderr]   Downloaded async-net v1.7.0
[INFO] [stderr]   Downloaded async-fs v1.6.0
[INFO] [stderr]   Downloaded async-io v1.13.0
[INFO] [stderr]   Downloaded polling v2.8.0
[INFO] [stderr]   Downloaded async-process v1.7.0
[INFO] [stderr]   Downloaded atomic-waker v1.1.1
[INFO] [stderr]   Downloaded blocking v1.3.1
[INFO] running `Command { std: "docker" "create" "-v" "/var/lib/crater-agent-workspace/builds/worker-6-tc1/target:/opt/rustwide/target:rw,Z" "-v" "/var/lib/crater-agent-workspace/builds/worker-6-tc1/source:/opt/rustwide/workdir:ro,Z" "-v" "/var/lib/crater-agent-workspace/cargo-home:/opt/rustwide/cargo-home:ro,Z" "-v" "/var/lib/crater-agent-workspace/rustup-home:/opt/rustwide/rustup-home:ro,Z" "-e" "SOURCE_DIR=/opt/rustwide/workdir" "-e" "CARGO_TARGET_DIR=/opt/rustwide/target" "-e" "CARGO_HOME=/opt/rustwide/cargo-home" "-e" "RUSTUP_HOME=/opt/rustwide/rustup-home" "-w" "/opt/rustwide/workdir" "-m" "1610612736" "--user" "0:0" "--network" "none" "ghcr.io/rust-lang/crates-build-env/linux@sha256:19e73879b68f455e41552ea35293514db52ea292d993f571636dbffedb77a1ee" "/opt/rustwide/cargo-home/bin/cargo" "+9610dfe5a9a731ced1ea4923ecbd0c57fe367898" "metadata" "--no-deps" "--format-version=1", kill_on_drop: false }`
[INFO] [stdout] b131440da8b876a69b3f39c29491561422409eb9b03f1122952365dba7fc7e0f
[INFO] running `Command { std: "docker" "start" "-a" "b131440da8b876a69b3f39c29491561422409eb9b03f1122952365dba7fc7e0f", kill_on_drop: false }`
[INFO] running `Command { std: "docker" "inspect" "b131440da8b876a69b3f39c29491561422409eb9b03f1122952365dba7fc7e0f", kill_on_drop: false }`
[INFO] running `Command { std: "docker" "rm" "-f" "b131440da8b876a69b3f39c29491561422409eb9b03f1122952365dba7fc7e0f", kill_on_drop: false }`
[INFO] [stdout] b131440da8b876a69b3f39c29491561422409eb9b03f1122952365dba7fc7e0f
[INFO] running `Command { std: "docker" "create" "-v" "/var/lib/crater-agent-workspace/builds/worker-6-tc1/target:/opt/rustwide/target:rw,Z" "-v" "/var/lib/crater-agent-workspace/builds/worker-6-tc1/source:/opt/rustwide/workdir:ro,Z" "-v" "/var/lib/crater-agent-workspace/cargo-home:/opt/rustwide/cargo-home:ro,Z" "-v" "/var/lib/crater-agent-workspace/rustup-home:/opt/rustwide/rustup-home:ro,Z" "-e" "SOURCE_DIR=/opt/rustwide/workdir" "-e" "CARGO_TARGET_DIR=/opt/rustwide/target" "-e" "CARGO_INCREMENTAL=0" "-e" "RUST_BACKTRACE=full" "-e" "RUSTFLAGS=--cap-lints=forbid" "-e" "RUSTDOCFLAGS=--cap-lints=forbid" "-e" "CARGO_HOME=/opt/rustwide/cargo-home" "-e" "RUSTUP_HOME=/opt/rustwide/rustup-home" "-w" "/opt/rustwide/workdir" "-m" "1610612736" "--user" "0:0" "--network" "none" "ghcr.io/rust-lang/crates-build-env/linux@sha256:19e73879b68f455e41552ea35293514db52ea292d993f571636dbffedb77a1ee" "/opt/rustwide/cargo-home/bin/cargo" "+9610dfe5a9a731ced1ea4923ecbd0c57fe367898" "check" "--frozen" "--all" "--all-targets" "--message-format=json", kill_on_drop: false }`
[INFO] [stdout] 4abff2fc313c7ad9f819feac85c9efa25027ec067d9aaf385c86ecc9329df315
[INFO] running `Command { std: "docker" "start" "-a" "4abff2fc313c7ad9f819feac85c9efa25027ec067d9aaf385c86ecc9329df315", kill_on_drop: false }`
[INFO] [stderr]     Checking credent_cli_model v0.4.1 (/opt/rustwide/workdir)
[INFO] [stdout] error: `credent` needs either the "backend-smol" or "backend-tokio" feature to be enabled.
[INFO] [stdout]   --> src/error.rs:10:1
[INFO] [stdout]    |
[INFO] [stdout] 10 | / compile_error!(
[INFO] [stdout] 11 | |     r#"`credent` needs either the "backend-smol" or "backend-tokio" feature to be enabled."#
[INFO] [stdout] 12 | | );
[INFO] [stdout]    | |_^
[INFO] [stdout] 
[INFO] [stdout] 
[INFO] [stdout] error: `credent` needs either the "backend-smol" or "backend-tokio" feature to be enabled.
[INFO] [stdout]   --> src/error.rs:10:1
[INFO] [stdout]    |
[INFO] [stdout] 10 | / compile_error!(
[INFO] [stdout] 11 | |     r#"`credent` needs either the "backend-smol" or "backend-tokio" feature to be enabled."#
[INFO] [stdout] 12 | | );
[INFO] [stdout]    | |_^
[INFO] [stdout] 
[INFO] [stdout] 
[INFO] [stdout] error[E0412]: cannot find type `IoError` in this scope
[INFO] [stdout]   --> src/error.rs:28:16
[INFO] [stdout]    |
[INFO] [stdout] 28 |         error: IoError,
[INFO] [stdout]    |                ^^^^^^^ not found in this scope
[INFO] [stdout] 
[INFO] [stdout] 
[INFO] [stdout] error[E0412]: cannot find type `IoError` in this scope
[INFO] [stdout]   --> src/error.rs:28:16
[INFO] [stdout]    |
[INFO] [stdout] 28 |         error: IoError,
[INFO] [stdout]    |                ^^^^^^^ not found in this scope
[INFO] [stdout] 
[INFO] [stdout] 
[INFO] [stdout] error[E0412]: cannot find type `IoError` in this scope
[INFO] [stdout]   --> src/error.rs:31:17
[INFO] [stdout]    |
[INFO] [stdout] 31 |     StdErrFlush(IoError),
[INFO] [stdout]    |                 ^^^^^^^ not found in this scope
[INFO] [stdout] 
[INFO] [stdout] 
[INFO] [stdout] error[E0412]: cannot find type `IoError` in this scope
[INFO] [stdout]   --> src/error.rs:31:17
[INFO] [stdout]    |
[INFO] [stdout] 31 |     StdErrFlush(IoError),
[INFO] [stdout]    |                 ^^^^^^^ not found in this scope
[INFO] [stdout] 
[INFO] [stdout] 
[INFO] [stdout] error: aborting due to 3 previous errors
[INFO] [stdout] 
[INFO] [stdout] 
[INFO] [stdout] error: aborting due to 3 previous errors
[INFO] [stdout] 
[INFO] [stdout] 
[INFO] [stdout] For more information about this error, try `rustc --explain E0412`.
[INFO] [stdout] 
[INFO] [stdout] For more information about this error, try `rustc --explain E0412`.
[INFO] [stdout] 
[INFO] [stderr] error: could not compile `credent_cli_model` (lib test) due to 4 previous errors
[INFO] [stderr] warning: build failed, waiting for other jobs to finish...
[INFO] [stderr] error: could not compile `credent_cli_model` (lib) due to 4 previous errors
[INFO] running `Command { std: "docker" "inspect" "4abff2fc313c7ad9f819feac85c9efa25027ec067d9aaf385c86ecc9329df315", kill_on_drop: false }`
[INFO] running `Command { std: "docker" "rm" "-f" "4abff2fc313c7ad9f819feac85c9efa25027ec067d9aaf385c86ecc9329df315", kill_on_drop: false }`
[INFO] [stdout] 4abff2fc313c7ad9f819feac85c9efa25027ec067d9aaf385c86ecc9329df315
